
Let b(k) = k**2 - 12*k. Let o be b(12). Suppose -9*i + o*i = -171. What is the tens digit of i?
1
What is the tens digit of (8/36)/(19/177669)?
7
Suppose -6*b = -3*b - 2*f + 433, 4*b + 5*f + 539 = 0. Let x = b + 63. What is the tens digit of x/(-30)*(4 - -1)?
1
Suppose 3*s - 4*c - c + 11 = 0, 0 = -4*c + 16. Let w be 3/4*(-60)/s. What is the tens digit of (126/w)/(6/(-20))?
2
Let h(p) be the second derivative of 0 - 11*p - 7/12*p**4 + 1/20*p**5 + 11/6*p**3 - 13/2*p**2. What is the units digit of h(6)?
7
Suppose -5*g + 32 - 5 = 4*h, -3*h - 5*g + 24 = 0. Let y(a) = -a + 3*a - a + h. What is the units digit of y(4)?
7
Let o(i) = 3*i**3 + 3*i - 2. Let d = 2 + -1. Let b be d - (-3 - (-5 + 3)). What is the units digit of o(b)?
8
Let n = -630 - -249. Let t = n - -535. What is the units digit of t?
4
Let s(y) = 3*y**2 + 17*y - 162. What is the tens digit of s(6)?
4
What is the tens digit of 216*((-54)/(-72))/(9/114)?
5
Let f(x) = 6*x**2 - 4*x + 6. Let b be f(3). Suppose -2*k = -3*r - r - b, 3*r = 2*k - 45. What is the tens digit of k?
1
Suppose -d + 118 + 726 = 0. Let f be (-4)/(-14) + d/(-14). What is the units digit of (-1584)/f - (-4)/(-10)?
6
Suppose 3*f + 1597 = 2*r - 0*f, 0 = -5*r - 5*f + 4030. What is the units digit of r?
3
Suppose 0 = -d + 3. Suppose 3*v - 8 = 2*y, -y - 3*v - 2*v = -22. Suppose 2*g - d*z = 43, 5*g - 2*g + y*z = 45. What is the units digit of g?
7
Let c be 2*(-275)/35 - (-2)/(-7). Let j = c + 92. What is the tens digit of j?
7
Let q = 32 + 237. Suppose 2*i - 8 = 0, i + 787 + q = 5*l. What is the tens digit of l?
1
Let t be 1/3 - 182/6. Let q = t - -28. What is the units digit of (2 + 2)/(q/(-34))?
8
Suppose 73*z + 33696 = 99*z. What is the units digit of z?
6
What is the hundreds digit of (1283/(-7))/((-130)/910)?
2
What is the units digit of (-2 + 156/9)*984/16?
3
Let j(z) = 42*z**3 + 3*z**2 - 5*z + 2. What is the tens digit of j(2)?
4
Let m = 43 + -39. Suppose -3*g + 600 = -2*c, 0 = -2*c - 2 - m. What is the hundreds digit of g?
1
Let l be 59/(-2) + 8/(-16). Let y be -2150*6*(-4)/l. What is the tens digit of 2/(-6) - y/30?
5
Let o(q) = -q**3 - 5*q**2 - q. Let m be o(-5). Suppose r + y = 5, -m*r + 2*y + 49 = -y. Suppose -4*t = -r - 4. What is the units digit of t?
3
Let f(v) = v + 2. Let w be f(1). Suppose 0 = -w*s - 2*q + 62 + 33, 5*s = 5*q + 150. Suppose -c + 0*c = -s. What is the tens digit of c?
3
Suppose -14*n + 440 = -78. What is the units digit of n?
7
Let d(j) be the first derivative of j**6/120 - j**5/40 - j**4/12 - 5*j**3/3 + 6. Let s(v) be the third derivative of d(v). What is the tens digit of s(4)?
3
Suppose -2172 = -5*m - 217. Let z = -262 + m. What is the units digit of z?
9
Suppose 3*j = -3*v - 273, -2*j - 164 = -5*v + v. Let q = -19 - j. What is the units digit of q?
9
Let x = -174 - -289. Let o = -114 + x. What is the units digit of o?
1
Let v = -607 - -757. What is the tens digit of v?
5
Let q(p) = 15*p**2 + 3*p - 3. Let f(g) = g**2 - 12*g - 31. Let u be f(14). What is the tens digit of q(u)?
2
Let w be (-66)/4*(-352)/24. Suppose x = 4*x - z - w, 5*x - 415 = 4*z. What is the units digit of x?
9
Suppose 0 = -n - 3*j + 107, 4*n + 4*j - 590 = -n. Let h = -69 + n. What is the units digit of h?
3
Suppose -175*b + 65467 = -158*b. What is the thousands digit of b?
3
Let j(d) = -d**3 - 2 - 9*d**2 + 4 + 3*d**2 - 4*d + 0*d. Let m be j(-5). What is the units digit of m*(1 - (-6)/(-3))?
3
Let l(t) = 6*t**3 - t**2 + 1. Let r be l(1). Suppose 2*u - 3*m = 156, r*u - 404 = u + 4*m. What is the units digit of u?
4
Suppose 370 = -5*o - 2*m - 533, -533 = 3*o - m. Let q = -123 - o. What is the tens digit of q?
5
Let t(b) = 10 - 7*b**2 + 2 + b**3 - 43*b + 40*b. What is the tens digit of t(8)?
5
Let n be -1*(3 - (201 - 2)). Suppose 2*k - n = -4*q, -5*k - q + 279 = -2*k. What is the tens digit of k?
9
Suppose 10*q - 12*q - 3*a = -7788, a = -2*q + 7792. What is the hundreds digit of q?
8
Let a = -5 - -5. Suppose 0 = -a*p - 2*p + o + 195, 0 = 2*p - 2*o - 192. Suppose 11 = -4*y + p. What is the tens digit of y?
2
Let t = 326 - 459. Let v = t + 228. What is the tens digit of v?
9
Suppose -a - 30 = 4*v, 3*v - 4*a + 48 = -2*v. What is the units digit of (-375)/(-10) + 12/v?
6
Let g(l) be the second derivative of 3*l**2 - l**3 + 1/20*l**5 - l + 1/3*l**4 + 0. What is the units digit of g(-5)?
1
Let x be (12/14)/((-14)/(-49)). Suppose -2*l = -5*i + x*i + 86, -5*i - 2*l + 222 = 0. What is the tens digit of i?
4
Suppose -29 = -2*w + 23. Suppose 0 = -4*k - 20, -3*f - 2*k - 3 + 11 = 0. Suppose -8*n + w = -f*n. What is the tens digit of n?
1
Suppose 5*b + 3*p - 105 = b, -2*p + 133 = 5*b. What is the tens digit of b?
2
Suppose 4*m + 15 = -5, -515 = -5*z - m. Let t = -229 + z. What is the units digit of t*-4*(-3)/(-30)?
0
Let h = 3 - 2. Let k be (-56)/26 - 4/(-26). What is the units digit of 63/(-6)*h*k?
1
Suppose -2*o + 4*r + 99 + 157 = 0, -3*o + 378 = -4*r. Suppose 4*v - 2*j - o = -4*j, j = -3. What is the tens digit of v?
3
Let h be -34*(9/(-6) - -1). Suppose 52 = 4*r + 4*l, -4*r + 15 = -l - h. What is the units digit of r?
9
Suppose 3*x = -5*g + 1137, -1368 = -5*x + 3*g + 527. What is the units digit of x?
9
Suppose -2*v - 5*x - 703 = 0, -2*v = -4*v + 4*x - 676. Let z = -55 - v. What is the hundreds digit of z?
2
Let q be ((-18)/60*-15)/(1/122). What is the hundreds digit of 9/(3 - q/186)?
1
Let i(u) = 4*u**2 - 14*u + 9. Suppose 6*n - 16 = 4*n. Let j(w) = 11*w**2 - 42*w + 26. Let t(k) = n*i(k) - 3*j(k). What is the tens digit of t(4)?
3
Let u be -3 + 2/(8/(-7684)). What is the units digit of u/39*3/(-2)?
4
What is the hundreds digit of 3366 + 9/(-12) + (-35)/28?
3
Suppose 0 = 3*i + 40*i - 18920. What is the tens digit of i?
4
Let p = -3 - -11. Suppose -13 = -3*n + p. Let m(g) = 7*g - 8. What is the units digit of m(n)?
1
Let z = -5881 + 8744. What is the thousands digit of z?
2
Let w = 0 - -172. What is the hundreds digit of w?
1
Let f(k) = k. Let t be f(-6). Let v be (-7)/(21/t) + 8. Let p = 16 - v. What is the units digit of p?
6
Let t = -291 + 2189. What is the thousands digit of t?
1
Let d be (5 + (-57)/6)*520/(-3). Suppose 220 = -5*t + d. What is the units digit of t?
2
Suppose -5*j + 2498 = u - j, 2*j = 3*u - 7494. What is the units digit of u?
8
Let a = -859 + 1439. What is the units digit of a?
0
Suppose -5*g + z = -4796, 0*g = -5*g - z + 4804. What is the hundreds digit of g?
9
Let k(u) = -25*u - 120. What is the tens digit of k(-19)?
5
Suppose 3*p - f = p + 772, -385 = -p + f. What is the hundreds digit of p?
3
Suppose a = -0*a + 4*d - 20, -140 = 4*a - 4*d. What is the tens digit of -2 - a*(-4 - -5)?
3
Let o(m) be the second derivative of -1/12*m**4 + 7*m**2 - 7*m + 11/6*m**3 + 0. What is the tens digit of o(10)?
2
Let s(x) = -2*x**3 - 2*x**2 + 4*x - 4. Let g be s(-5). Suppose 4*n - 52 - g = 0. What is the units digit of n?
7
Suppose 29*p - 37842 = 1743. What is the hundreds digit of p?
3
Let y(h) = 2*h**2 - h - 19. Let b be y(-7). Let w = b + -54. What is the tens digit of w?
3
Suppose g = 4*r + 2 - 13, 5*g = 2*r + 17. What is the tens digit of (-3908)/(-52) + (-3)/(78/r)?
7
Let u = -6 - -3. Let n(b) = b**3 - 6*b**2 - 3*b + 8. Let y be n(6). Let w = u - y. What is the units digit of w?
7
Suppose 2*u = -q + 1183, u = q + 6*u - 1195. What is the hundreds digit of q?
1
Suppose -3805 + 841 = -12*r. What is the units digit of r?
7
Let b(l) = -2*l**2 - 18*l + 1. Let y be b(-9). Suppose 32 = -p - y. Let j = -15 - p. What is the tens digit of j?
1
Suppose 3 = 3*u - 3*l, u + 0*l = -4*l + 21. Suppose h + 10 = -v, u = -h - 4*v - 8. What is the tens digit of ((-30)/(-1))/(h/(-12))?
4
Suppose -299*i = -297*i - 4402. What is the hundreds digit of i?
2
Let p = 31 - 21. Let s = -3 + p. Suppose -2*f = -s*f + 30. What is the units digit of f?
6
Let h = -629 - -1093. Suppose 2*q - 3*q - 4 = 0, -5*q - h = -2*n. What is the tens digit of n?
2
Let x(g) = 2*g + 5*g - 8*g + 1 + 2*g. What is the tens digit of x(14)?
1
What is the thousands digit of ((-122)/4)/(17/782*-1)?
1
Suppose -5*j + 4*j - 3*q = -92, 420 = 4*j - q. What is the hundreds digit of j?
1
Let j(f) = f**3 - 20*f**2 - 19*f + 5. Let w be j(21). Suppose w = 4*v - 65. What is the tens digit of v?
2
Let f be (-5)/(-25) - 222/10. Let i = 22 + f. Suppose 5*h = -4*m + 241, 5*m + 5*h - 170 - 12